{"id":154,"date":"2017-08-13T17:01:45","date_gmt":"2017-08-13T17:01:45","guid":{"rendered":"http:\/\/demo.acmethemes.com\/medical-circle\/?page_id=154"},"modified":"2017-12-17T23:17:01","modified_gmt":"2017-12-17T23:17:01","slug":"politica-de-privacidad","status":"publish","type":"page","link":"https:\/\/parcdental.es\/index.php\/politica-de-privacidad\/","title":{"rendered":"Pol\u00edtica de Privacidad"},"content":{"rendered":"<p style=\"text-align: justify;\">En cumplimiento de lo establecido en la\u00a0<a href=\"http:\/\/noticias.juridicas.com\/base_datos\/Admin\/lo15-1999.html\">Ley Org\u00e1nica 15\/1999, el 13 de diciembre, de Protecci\u00f3n de Datos de Car\u00e1cter Personal<\/a>, te informamos que mediante la cumplimentaci\u00f3n del presente formulario est\u00e1s dando el\u00a0<strong>consentimiento expreso a que sus datos personales queden incorporados y sean tratados en un fichero de Dental Parc<\/strong>\u00a0con la finalidad de poder gestionar tu solicitud. Este fichero ser\u00e1 gestionado por el responsable de fichero que se indica en nuestro\u00a0<a title=\"Aviso Legal\" href=\"https:\/\/parcdental.es\/index.php\/terms-and-conditions\/\">documento de aviso legal y pol\u00edtica de privacidad<\/a>.<\/p>\n<p style=\"text-align: justify;\">Asimismo, salvo que manifiestes expresamente lo contrario, se podr\u00e1n utilizar tus datos personales para mantenerte informado de noticias y novedades relacionadas con nuestros servicios.<\/p>\n<p style=\"text-align: justify;\">Te garantizamos que bajo ning\u00fan concepto, estos datos ser\u00e1n compartidos o cedidos a terceros y te informamos de la posibilidad de que ejerzas los\u00a0<strong>derechos de acceso, rectificaci\u00f3n, cancelaci\u00f3n y oposici\u00f3n<\/strong>\u00a0a la recogida de tus datos de car\u00e1cter personal mediante correo electr\u00f3nico o bien directamente mediante los enlaces de baja autom\u00e1tica contenidos en todas las comunicaciones enviadas por <strong>Dental Parc<\/strong>, o bien, mediante el\u00a0<a title=\"Contacto\" href=\"https:\/\/parcdental.es\/index.php\/contacto\/\">formulario de contacto de nuestra web.<\/a><\/p>\n","protected":false},"excerpt":{"rendered":"<p>En cumplimiento de lo establecido en la\u00a0Ley Org\u00e1nica 15\/1999, el 13 de diciembre, de Protecci\u00f3n de Datos de Car\u00e1cter Personal, te informamos que mediante la cumplimentaci\u00f3n del presente formulario est\u00e1s dando el\u00a0consentimiento expreso a que sus datos personales queden incorporados y sean tratados en un fichero de Dental Parc\u00a0con la finalidad de poder gestionar tu&hellip;<\/p>\n","protected":false},"author":1,"featured_media":0,"parent":0,"menu_order":0,"comment_status":"closed","ping_status":"closed","template":"","meta":{"footnotes":""},"class_list":["post-154","page","type-page","status-publish","hentry"],"_links":{"self":[{"href":"https:\/\/parcdental.es\/index.php\/wp-json\/wp\/v2\/pages\/154","targetHints":{"allow":["GET"]}}],"collection":[{"href":"https:\/\/parcdental.es\/index.php\/wp-json\/wp\/v2\/pages"}],"about":[{"href":"https:\/\/parcdental.es\/index.php\/wp-json\/wp\/v2\/types\/page"}],"author":[{"embeddable":true,"href":"https:\/\/parcdental.es\/index.php\/wp-json\/wp\/v2\/users\/1"}],"replies":[{"embeddable":true,"href":"https:\/\/parcdental.es\/index.php\/wp-json\/wp\/v2\/comments?post=154"}],"version-history":[{"count":2,"href":"https:\/\/parcdental.es\/index.php\/wp-json\/wp\/v2\/pages\/154\/revisions"}],"predecessor-version":[{"id":551,"href":"https:\/\/parcdental.es\/index.php\/wp-json\/wp\/v2\/pages\/154\/revisions\/551"}],"wp:attachment":[{"href":"https:\/\/parcdental.es\/index.php\/wp-json\/wp\/v2\/media?parent=154"}],"curies":[{"name":"wp","href":"https:\/\/api.w.org\/{rel}","templated":true}]}}