{"id":206,"date":"2017-08-14T12:51:15","date_gmt":"2017-08-14T12:51:15","guid":{"rendered":"http:\/\/demo.acmethemes.com\/medical-circle\/?page_id=206"},"modified":"2019-03-22T15:48:17","modified_gmt":"2019-03-22T15:48:17","slug":"faq","status":"publish","type":"page","link":"https:\/\/parcdental.es\/index.php\/faq\/","title":{"rendered":"\u00bfTienes alguna duda?"},"content":{"rendered":"<div id=\"pl-206\" class=\"panel-layout\">\n<div id=\"pg-206-0\" class=\"panel-grid panel-no-style\" data-style=\"{&quot;background_display&quot;:&quot;tile&quot;,&quot;cell_alignment&quot;:&quot;flex-start&quot;}\">\n<p id=\"pgc-206-0-0\" class=\"panel-grid-cell\" data-weight=\"0.5\">Nuestros pacientes suelen tener preguntas que requieren de respuestas claras y concretas, para eso estamos en Dentalparc, para dar respuesta a cada una de ellas.<\/p>\n<\/div>\n<\/div>\n<p data-weight=\"0.5\">Si no encuentras respuesta a tus dudas, puedes enviarnos un mensaje, por medio del formulario de contacto, con gusto estaremos dispuestos a resolver cualquier inquietud que adicional.<\/p>\n<hr \/>\n<h2 style=\"text-align: center;\"><strong>DUDAS Y\u00a0<\/strong><b>SUGERENCIAS<\/b><\/h2>\n<p><strong>\u00bfC\u00d3MO PEDIR UNA CITA?<\/strong><\/p>\n<p>Para pedir una cita puedes llamarnos o acercarte a nuestro centro en el horario de atenci\u00f3n. Tambi\u00e9n puedes enviarnos un mensaje en cualquier momento y nosotros daremos respuesta oportuna de acuerdo a la disposici\u00f3n de nuestros doctores, en el mensaje debes indicar el motivo de la consulta y el horario al que podr\u00edas asistir.<\/p>\n<p><strong>\u00bfQU\u00c9 HORARIO TEN\u00c9IS?<\/strong><\/p>\n<p>Nuestro horario es de Lunes a Viernes de 9:00h a 14:00h y de Martes y Jueves de 16:00h a 20.00h, distribuido de entre odontolog\u00eda general y ortodoncia<\/p>\n<p><strong>\u00bfLA GENTE LE PIERDE EL MIEDO A IR AL DENTISTA?<\/strong><\/p>\n<p>La gente tiene miedo, pero lo pierde si el dentista lo hace bien, con cari\u00f1o y trata bien a la gente. El eje central de cualquier m\u00e9dico es dar informaci\u00f3n al paciente y eso se nota con la experiencia. Hay que explicar muy bien las cosas al paciente.<\/p>\n<p><strong>\u00bfCU\u00c1NTO TIEMPO LLEVA DEDIC\u00c1NDOSE A LA ODONTOLOG\u00cdA?<\/strong><\/p>\n<p>El Dr Garc\u00eda lleva m\u00e1s de 25 a\u00f1os, empez\u00f3 en Benimaclet en la calle Bar\u00f3n de San Petrillo y en el a\u00f1o 1993 como iban a construir un centro de salud, traslad\u00f3 la Cl\u00ednica Dentalparc a la calle Ram\u00f3n Asensio, 13, 1\u00ba-B.<\/p>\n<p><strong>\u00bfHAY AVANCES EN ODONTOLOG\u00cdA?<\/strong><\/p>\n<p>S\u00ed, sobre todo en el tema de los implantes, de la endodoncia. Ha cambiado mucho la tecnolog\u00eda y con ella ha avanzado mucho el sector. Afortunadamente ha mejorado todo bastante.<\/p>\n<p><strong>\u00bfQU\u00c9 SERVICIOS OFRECE CL\u00cdNICA DENTAL PARC?<\/strong><\/p>\n<p>Aqu\u00ed hacemos todo tipo de odontolog\u00eda, de adultos y de ni\u00f1os. Hacemos implantes, est\u00e9tica, ortodoncia etc. Aquello a lo que no llegamos lo mandamos a un compa\u00f1ero especialista, como son los casos de periodoncia o implantes que se han complicado, endodoncias muy complicadas, medicina bucal alguna lesi\u00f3n, etc. En esos casos se le manda a alg\u00fan compa\u00f1ero con experiencia en esa especialidad porque en Valencia tenemos muy buenos especialistas de la boca.<\/p>\n<p><strong>\u00bfQU\u00c9 TRABAJOS SON M\u00c1S FRECUENTES?<\/strong><\/p>\n<p>Normalmente trabajamos la prevenci\u00f3n, la higiene bucal, limpiezas de boca y blanqueamientos, aunque de forma espec\u00edfica tambi\u00e9n hacemos implantes y pr\u00f3tesis y todo lo concerniente a tratamientos de ortodoncia.<\/p>\n<p><strong>\u00bfQU\u00c9 QUIERE DECIR QUE TODOS LOS TRATAMIENTOS SON SIN ADITIVOS?<\/strong><\/p>\n<p>Nuestros tratamientos son 100% sin aditivos, esto permite a nuestros usuarios una mejor recuperaci\u00f3n, cero toxicidad y cero efectos secundarios, lo que podemos brindar gracias a la tecnolog\u00eda con la que contamos y a la experiencia y conocimiento en cada una de nuestras profesiones.<\/p>\n<p><strong>\u00bfPRACTICAN ORTODONCIAS?<\/strong><\/p>\n<p>S\u00ed, tenemos un ortodoncista, que atiende dos d\u00edas a la semana para realizar este tipo de tratamientos.<\/p>\n<p><strong>\u00bfQU\u00c9 ES LA ORTODONCIA?<\/strong><\/p>\n<p>Es una especialidad dentro de la odontolog\u00eda que se ocupa de la correcci\u00f3n de dientes y huesos maxilares mal posicionados. Trata las maloclusiones (el morder mal) y las deformidades de los huesos de la cara (mand\u00edbula adelantada o retrasada etc).<\/p>\n<p><strong>\u00bfQU\u00c9 VENTAJAS TIENE UN TRATAMIENTO CON ORTODONCIA?<\/strong><\/p>\n<p>Los dientes en mala posici\u00f3n, amontonados o en doble fila o inclinados, son dif\u00edciles de mantener limpios, sufren con m\u00e1s frecuencia caries y enfermedades de las enc\u00edas, lo que hace que se pierdan precozmente.<\/p>\n<p>A veces la mala relaci\u00f3n de los dientes superiores con los inferiores provoca que no se muerda correctamente y exista una tensi\u00f3n an\u00f3mala en los m\u00fasculos masticatorios que acabe en dolores de cabeza y cuello y lesiones de ATM (articulaci\u00f3n de la mand\u00edbula con el cr\u00e1neo).A ello se suma el aspecto est\u00e9tico. Los dientes mal alineados hacen que una sonrisa sea desagradable, con los problemas que ello acarrea, tanto sociales, por baja autoestima como incluso laborales, por la importancia que hoy d\u00eda se da al aspecto en puestos de trabajo cara al p\u00fablico.<\/p>\n<p>Los tratamientos de ortodoncia aportan m\u00e1s salud y est\u00e9tica a nuestros dientes y sonrisas y facilitan otros tratamientos, como cirug\u00eda ortogn\u00e1tica y pr\u00f3tesis con implantes, que sin la ayuda de la ortodoncia no ser\u00edan posibles.<\/p>\n<p><strong>\u00bfCU\u00c1NDO HAY QUE EMPEZAR UN TRATAMIENTO ORTODONCIA?<\/strong><\/p>\n<p>La mayor\u00eda de los problemas ortod\u00f3ncicos aparecen en la dentici\u00f3n permanente, as\u00ed que recomendamos que los ni\u00f1os a partir de los 6 a\u00f1os, cuando suelen erupcionar los primeros dientes definitivos, acudan a la consulta para revisar la oclusi\u00f3n y el entorno esquel\u00e9tico, por si hay problemas de estrechez del maxilar, desproporci\u00f3n de tama\u00f1o de la mand\u00edbula o del maxilar con el resto de huesos del cr\u00e1neo, h\u00e1bitos, etc.<\/p>\n<p>Lo normal es ponerla a partir de los 12 a\u00f1os hasta los 15. Cuando han cambiado la dentici\u00f3n de leche ya se puede ver si hace falta aparato. Los tratamientos son m\u00e1s r\u00e1pidos y m\u00e1s cortos cuanto m\u00e1s joven sea el paciente porque el hueso responde mejor.<\/p>\n<p><strong>\u00bfCU\u00c1NTO SUELE DURAR UN TRATAMIENTO DE ORTODONCIA?<\/strong><\/p>\n<p>La duraci\u00f3n total se calcula aproximadamente, ya que depende de factores individuales como la gravedad del problema y la cooperaci\u00f3n del paciente. Hay tratamientos que se hacen en dos fases separadas, pero en general, los tratamientos duran de 12 a 24 meses.<\/p>\n<p><strong>\u00bfES DOLOROSO EL TRATAMIENTO DE ORTODONCIA?<\/strong><\/p>\n<p>En t\u00e9rminos generales el tratamiento no es doloroso. Al principio se puede producir alguna molestia que desaparece a los pocos d\u00edas. No suele ser necesario el uso de analg\u00e9sicos. Se suele notar como presi\u00f3n o molestias al masticar.<\/p>\n<p><strong>\u00bfQU\u00c9 TIPOS DE APARATOS EXISTEN?<\/strong><\/p>\n<p>Hay que distinguir el paciente en crecimiento del paciente adulto, sin crecimiento.<\/p>\n<p>Para el ni\u00f1o y el adolescente se pueden poner aparatos que mejoren el equilibrio de los huesos de la cara, llamados aparatos de ortopedia. Una vez mejorada la posici\u00f3n de los maxilares se realiza el movimiento de los dientes hacia su correcta posici\u00f3n y engranaje con los aparatos propiamente ortod\u00f3ncicos, ya sean brackets met\u00e1licos o est\u00e9ticos, de porcelana o zafiro.<\/p>\n<p><strong>\u00bfQUI\u00c9N PUEDE PONERME ORTODONCIA?<\/strong><\/p>\n<p>Dentro de la odontolog\u00eda existen dentistas que realizan un m\u00e1ster en especializaci\u00f3n en ortodoncia en centros universitarios de tres a\u00f1os de duraci\u00f3n, siguiendo el programa Erasmus vigente en toda Europa. Estos ortodoncistas de dedicaci\u00f3n exclusiva a la pr\u00e1ctica de ortodoncia. son los m\u00e1s indicados para llevar a cabo estos tratamientos que requieren un alto grado de conocimientos especializados.<\/p>\n<p><strong>\u00bfSE PUEDE PONER ORTODONCIA EN ADULTOS?<\/strong><\/p>\n<p>El tratamiento de pacientes adultos no s\u00f3lo es posible, sino que, en muchos casos, es necesario para corregir el progresivo deterioro de la dentadura y alargar su existencia. Si las enc\u00edas y huesos de soporte se mantienen cuidados y sanos podremos obtener resultados similares a los de pacientes m\u00e1s j\u00f3venes.<\/p>\n<p>Hoy en d\u00eda los aparatos correctores tienen una apariencia m\u00e1s est\u00e9tica y c\u00f3moda, lo que contribuye a que aumente cada vez m\u00e1s el n\u00famero de pacientes adultos que tratamos.<\/p>\n<p><strong>\u00bfLOS DIENTES VUELVEN A DONDE ESTABAN CUANDO SE RETIRAN LOS APARATOS?<\/strong><\/p>\n<p>Los dientes que han sido sometidos a movimientos ortod\u00f3ncicos tienen tendencia a volver a su posici\u00f3n original al menos durante dos a\u00f1os tras acabar el tratamiento. Por esta raz\u00f3n la duraci\u00f3n de la fase de retenci\u00f3n debe ser de al menos dos a\u00f1os.<\/p>\n<p>Despu\u00e9s podemos observar que aunque los dientes no se muevan hacia su posici\u00f3n original pueden hacerlo en cualquier otra, como consecuencia de los propios ajustes del sistema masticatorio y del \u201cenvejecimiento\u201d del mismo. Son movimientos que se producen de manera normal, tanto en pacientes ortod\u00f3ncicos como en personas que no fueron tratadas. Por eso es tan raro observar un alineamiento perfecto y natural durante toda la vida.<\/p>\n<p>Se considera que tras los dos a\u00f1os de retenci\u00f3n los pacientes ortod\u00f3ncicos no se diferencian de la poblaci\u00f3n general y por lo tanto est\u00e1n expuestos a que se les muevan los dientes de la misma manera.<\/p>\n<p>Si queremos mantener este alineamiento perfecto debemos hacerlo de manera artificial, colocando los aparatos de retenci\u00f3n durante un tiempo ilimitado y acudiendo a revisi\u00f3n una vez al a\u00f1o.<\/p>\n<p><strong>\u00bfSON CAROS LOS TRATAMIENTOS?<\/strong><\/p>\n<p>El tratamiento de ortodoncia no es costoso si se tiene en cuenta la gravedad del problema a resolver, la atenci\u00f3n profesional constante y continuada, la cantidad y calidad de los aparatos y su prolongada duraci\u00f3n.<\/p>\n<p>El presupuesto est\u00e1 ajustado a cada caso, es personalizado. Se confecciona para cada paciente una forma de pago fraccionada sin intereses a lo largo del tratamiento y sin entradas para hacerlo m\u00e1s asequible.<\/p>\n<hr \/>\n<div id=\"pl-206\" class=\"panel-layout\">\n<div id=\"pg-206-0\" class=\"panel-grid panel-no-style\" data-style=\"{&quot;background_display&quot;:&quot;tile&quot;,&quot;cell_alignment&quot;:&quot;flex-start&quot;}\">\n<div id=\"pgc-206-0-1\" class=\"panel-grid-cell\" data-weight=\"0.5\">\n<div id=\"panel-206-0-1-0\" class=\"so-panel widget widget_text panel-first-child panel-last-child\" data-index=\"1\" data-style=\"{&quot;background_display&quot;:&quot;tile&quot;}\">\n<div class=\"textwidget\">\n<div class=\"entry-content\">\n<p>Escr\u00edbenos y te daremos respuesta a la mayor brevedad posible.<\/p>\n\n<div class=\"wpcf7 no-js\" id=\"wpcf7-f639-o1\" lang=\"es-ES\" dir=\"ltr\" data-wpcf7-id=\"639\">\n<div class=\"screen-reader-response\"><p role=\"status\" aria-live=\"polite\" aria-atomic=\"true\"><\/p> <ul><\/ul><\/div>\n<form action=\"\/index.php\/wp-json\/wp\/v2\/pages\/206#wpcf7-f639-o1\" method=\"post\" class=\"wpcf7-form init\" aria-label=\"Formulario de contacto\" novalidate=\"novalidate\" data-status=\"init\">\n<fieldset class=\"hidden-fields-container\"><input type=\"hidden\" name=\"_wpcf7\" value=\"639\" \/><input type=\"hidden\" name=\"_wpcf7_version\" value=\"6.1.5\" \/><input type=\"hidden\" name=\"_wpcf7_locale\" value=\"es_ES\" \/><input type=\"hidden\" name=\"_wpcf7_unit_tag\" value=\"wpcf7-f639-o1\" \/><input type=\"hidden\" name=\"_wpcf7_container_post\" value=\"0\" \/><input type=\"hidden\" name=\"_wpcf7_posted_data_hash\" value=\"\" \/><input type=\"hidden\" name=\"_wpcf7_recaptcha_response\" value=\"\" \/>\n<\/fieldset>\n<p><label> Nombre (requerido)<br \/>\n<span class=\"wpcf7-form-control-wrap\" data-name=\"your-name\"><input size=\"40\" maxlength=\"400\" class=\"wpcf7-form-control wpcf7-text wpcf7-validates-as-required\" aria-required=\"true\" aria-invalid=\"false\" value=\"\" type=\"text\" name=\"your-name\" \/><\/span> <\/label>\n<\/p>\n<p><label> Tu correo electr\u00f3nico (requerido)<br \/>\n<span class=\"wpcf7-form-control-wrap\" data-name=\"your-email\"><input size=\"40\" maxlength=\"400\" class=\"wpcf7-form-control wpcf7-email wpcf7-validates-as-required wpcf7-text wpcf7-validates-as-email\" aria-required=\"true\" aria-invalid=\"false\" value=\"\" type=\"email\" name=\"your-email\" \/><\/span> <\/label>\n<\/p>\n<p><label> Asunto<br \/>\n<span class=\"wpcf7-form-control-wrap\" data-name=\"your-subject\"><input size=\"40\" maxlength=\"400\" class=\"wpcf7-form-control wpcf7-text\" aria-invalid=\"false\" value=\"\" type=\"text\" name=\"your-subject\" \/><\/span> <\/label>\n<\/p>\n<p><label> Mensaje<br \/>\n<span class=\"wpcf7-form-control-wrap\" data-name=\"your-message\"><textarea cols=\"40\" rows=\"10\" maxlength=\"2000\" class=\"wpcf7-form-control wpcf7-textarea\" aria-invalid=\"false\" name=\"your-message\"><\/textarea><\/span> <\/label>\n<\/p>\n<p><input class=\"wpcf7-form-control wpcf7-submit has-spinner\" type=\"submit\" value=\"Enviar\" \/>\n<\/p><p style=\"display: none !important;\" class=\"akismet-fields-container\" data-prefix=\"_wpcf7_ak_\"><label>&#916;<textarea name=\"_wpcf7_ak_hp_textarea\" cols=\"45\" rows=\"8\" maxlength=\"100\"><\/textarea><\/label><input type=\"hidden\" id=\"ak_js_1\" name=\"_wpcf7_ak_js\" value=\"20\"\/><script>document.getElementById( \"ak_js_1\" ).setAttribute( \"value\", ( new Date() ).getTime() );<\/script><\/p><div class=\"wpcf7-response-output\" aria-hidden=\"true\"><\/div>\n<\/form>\n<\/div>\n\n<\/div>\n<\/div>\n<\/div>\n<\/div>\n<\/div>\n<div id=\"pg-206-1\" class=\"panel-grid panel-no-style\" data-style=\"{&quot;background_display&quot;:&quot;tile&quot;,&quot;cell_alignment&quot;:&quot;flex-start&quot;}\"><\/div>\n<\/div>\n","protected":false},"excerpt":{"rendered":"<p>Nuestros pacientes suelen tener preguntas que requieren de respuestas claras y concretas, para eso estamos en Dentalparc, para dar respuesta a cada una de ellas. Si no encuentras respuesta a tus dudas, puedes enviarnos un mensaje, por medio del formulario de contacto, con gusto estaremos dispuestos a resolver cualquier inquietud que adicional. DUDAS Y\u00a0SUGERENCIAS \u00bfC\u00d3MO&hellip;<\/p>\n","protected":false},"author":1,"featured_media":0,"parent":0,"menu_order":0,"comment_status":"closed","ping_status":"closed","template":"","meta":{"footnotes":""},"class_list":["post-206","page","type-page","status-publish","hentry"],"_links":{"self":[{"href":"https:\/\/parcdental.es\/index.php\/wp-json\/wp\/v2\/pages\/206","targetHints":{"allow":["GET"]}}],"collection":[{"href":"https:\/\/parcdental.es\/index.php\/wp-json\/wp\/v2\/pages"}],"about":[{"href":"https:\/\/parcdental.es\/index.php\/wp-json\/wp\/v2\/types\/page"}],"author":[{"embeddable":true,"href":"https:\/\/parcdental.es\/index.php\/wp-json\/wp\/v2\/users\/1"}],"replies":[{"embeddable":true,"href":"https:\/\/parcdental.es\/index.php\/wp-json\/wp\/v2\/comments?post=206"}],"version-history":[{"count":16,"href":"https:\/\/parcdental.es\/index.php\/wp-json\/wp\/v2\/pages\/206\/revisions"}],"predecessor-version":[{"id":793,"href":"https:\/\/parcdental.es\/index.php\/wp-json\/wp\/v2\/pages\/206\/revisions\/793"}],"wp:attachment":[{"href":"https:\/\/parcdental.es\/index.php\/wp-json\/wp\/v2\/media?parent=206"}],"curies":[{"name":"wp","href":"https:\/\/api.w.org\/{rel}","templated":true}]}}