{"id":438,"date":"2017-12-10T22:33:44","date_gmt":"2017-12-10T22:33:44","guid":{"rendered":"http:\/\/parcdental.es\/?page_id=438"},"modified":"2017-12-10T22:33:51","modified_gmt":"2017-12-10T22:33:51","slug":"los-dientes-vuelven-a-donde-estaban-cuando-se-retiran-los-aparatos","status":"publish","type":"page","link":"https:\/\/parcdental.es\/index.php\/faq\/los-dientes-vuelven-a-donde-estaban-cuando-se-retiran-los-aparatos\/","title":{"rendered":"\u00bfLOS DIENTES VUELVEN A DONDE ESTABAN CUANDO SE RETIRAN LOS APARATOS?"},"content":{"rendered":"<p>Los dientes que han sido sometidos a movimientos ortod\u00f3ncicos tienen tendencia a volver a su posici\u00f3n original al menos durante dos a\u00f1os tras acabar el tratamiento. Por esta raz\u00f3n la duraci\u00f3n de la fase de retenci\u00f3n debe ser de al menos dos a\u00f1os.<\/p>\n<p>Despu\u00e9s podemos observar que aunque los dientes no se muevan hacia su posici\u00f3n original pueden hacerlo en cualquier otra, como consecuencia de los propios ajustes del sistema masticatorio y del \u201cenvejecimiento\u201d del mismo. Son movimientos que se producen de manera normal, tanto en pacientes ortod\u00f3ncicos como en personas que no fueron tratadas. Por eso es tan raro observar un alineamiento perfecto y natural durante toda la vida.<\/p>\n<p>Se considera que tras los dos a\u00f1os de retenci\u00f3n los pacientes ortod\u00f3ncicos no se diferencian de la poblaci\u00f3n general y por lo tanto est\u00e1n expuestos a que se les muevan los dientes de la misma manera.<\/p>\n<p>Si queremos mantener este alineamiento perfecto debemos hacerlo de manera artificial, colocando los aparatos de retenci\u00f3n durante un tiempo ilimitado y acudiendo a revisi\u00f3n una vez al a\u00f1o.<\/p>\n","protected":false},"excerpt":{"rendered":"<p>Los dientes que han sido sometidos a movimientos ortod\u00f3ncicos tienen tendencia a volver a su posici\u00f3n original al menos durante dos a\u00f1os tras acabar el tratamiento. Por esta raz\u00f3n la duraci\u00f3n de la fase de retenci\u00f3n debe ser de al menos dos a\u00f1os. Despu\u00e9s podemos observar que aunque los dientes no se muevan hacia su&hellip;<\/p>\n","protected":false},"author":1,"featured_media":0,"parent":206,"menu_order":0,"comment_status":"closed","ping_status":"closed","template":"","meta":{"footnotes":""},"class_list":["post-438","page","type-page","status-publish","hentry"],"_links":{"self":[{"href":"https:\/\/parcdental.es\/index.php\/wp-json\/wp\/v2\/pages\/438","targetHints":{"allow":["GET"]}}],"collection":[{"href":"https:\/\/parcdental.es\/index.php\/wp-json\/wp\/v2\/pages"}],"about":[{"href":"https:\/\/parcdental.es\/index.php\/wp-json\/wp\/v2\/types\/page"}],"author":[{"embeddable":true,"href":"https:\/\/parcdental.es\/index.php\/wp-json\/wp\/v2\/users\/1"}],"replies":[{"embeddable":true,"href":"https:\/\/parcdental.es\/index.php\/wp-json\/wp\/v2\/comments?post=438"}],"version-history":[{"count":1,"href":"https:\/\/parcdental.es\/index.php\/wp-json\/wp\/v2\/pages\/438\/revisions"}],"predecessor-version":[{"id":439,"href":"https:\/\/parcdental.es\/index.php\/wp-json\/wp\/v2\/pages\/438\/revisions\/439"}],"up":[{"embeddable":true,"href":"https:\/\/parcdental.es\/index.php\/wp-json\/wp\/v2\/pages\/206"}],"wp:attachment":[{"href":"https:\/\/parcdental.es\/index.php\/wp-json\/wp\/v2\/media?parent=438"}],"curies":[{"name":"wp","href":"https:\/\/api.w.org\/{rel}","templated":true}]}}