{"id":440,"date":"2017-12-10T22:34:24","date_gmt":"2017-12-10T22:34:24","guid":{"rendered":"http:\/\/parcdental.es\/?page_id=440"},"modified":"2017-12-10T22:35:07","modified_gmt":"2017-12-10T22:35:07","slug":"son-caros-los-tratamientos","status":"publish","type":"page","link":"https:\/\/parcdental.es\/index.php\/faq\/son-caros-los-tratamientos\/","title":{"rendered":"\u00bfSON CAROS LOS TRATAMIENTOS?"},"content":{"rendered":"<p>El tratamiento de ortodoncia no es costoso si se tiene en cuenta la gravedad del problema a resolver, la atenci\u00f3n profesional constante y continuada, la cantidad y calidad de los aparatos y su prolongada duraci\u00f3n.<\/p>\n<p>El presupuesto est\u00e1 ajustado a cada caso, es personalizado. Se confecciona para cada paciente una forma de pago fraccionada sin intereses a lo largo del tratamiento y sin entradas para hacerlo m\u00e1s asequible.<\/p>\n","protected":false},"excerpt":{"rendered":"<p>El tratamiento de ortodoncia no es costoso si se tiene en cuenta la gravedad del problema a resolver, la atenci\u00f3n profesional constante y continuada, la cantidad y calidad de los aparatos y su prolongada duraci\u00f3n. El presupuesto est\u00e1 ajustado a cada caso, es personalizado. Se confecciona para cada paciente una forma de pago fraccionada sin&hellip;<\/p>\n","protected":false},"author":1,"featured_media":0,"parent":206,"menu_order":0,"comment_status":"closed","ping_status":"closed","template":"","meta":{"footnotes":""},"class_list":["post-440","page","type-page","status-publish","hentry"],"_links":{"self":[{"href":"https:\/\/parcdental.es\/index.php\/wp-json\/wp\/v2\/pages\/440","targetHints":{"allow":["GET"]}}],"collection":[{"href":"https:\/\/parcdental.es\/index.php\/wp-json\/wp\/v2\/pages"}],"about":[{"href":"https:\/\/parcdental.es\/index.php\/wp-json\/wp\/v2\/types\/page"}],"author":[{"embeddable":true,"href":"https:\/\/parcdental.es\/index.php\/wp-json\/wp\/v2\/users\/1"}],"replies":[{"embeddable":true,"href":"https:\/\/parcdental.es\/index.php\/wp-json\/wp\/v2\/comments?post=440"}],"version-history":[{"count":1,"href":"https:\/\/parcdental.es\/index.php\/wp-json\/wp\/v2\/pages\/440\/revisions"}],"predecessor-version":[{"id":441,"href":"https:\/\/parcdental.es\/index.php\/wp-json\/wp\/v2\/pages\/440\/revisions\/441"}],"up":[{"embeddable":true,"href":"https:\/\/parcdental.es\/index.php\/wp-json\/wp\/v2\/pages\/206"}],"wp:attachment":[{"href":"https:\/\/parcdental.es\/index.php\/wp-json\/wp\/v2\/media?parent=440"}],"curies":[{"name":"wp","href":"https:\/\/api.w.org\/{rel}","templated":true}]}}