{"id":456,"date":"2017-12-10T22:44:06","date_gmt":"2017-12-10T22:44:06","guid":{"rendered":"http:\/\/parcdental.es\/?page_id=456"},"modified":"2017-12-10T22:44:06","modified_gmt":"2017-12-10T22:44:06","slug":"hay-avances-en-odontologia","status":"publish","type":"page","link":"https:\/\/parcdental.es\/index.php\/faq\/hay-avances-en-odontologia\/","title":{"rendered":"\u00bfHAY AVANCES EN ODONTOLOG\u00cdA?"},"content":{"rendered":"<p>S\u00ed, sobre todo en el tema de los implantes, de la endodoncia. Ha cambiado mucho la tecnolog\u00eda y con ella ha avanzado mucho el sector. Afortunadamente ha mejorado todo bastante.<\/p>\n","protected":false},"excerpt":{"rendered":"<p>S\u00ed, sobre todo en el tema de los implantes, de la endodoncia. Ha cambiado mucho la tecnolog\u00eda y con ella ha avanzado mucho el sector. Afortunadamente ha mejorado todo bastante.<\/p>\n","protected":false},"author":1,"featured_media":0,"parent":206,"menu_order":0,"comment_status":"closed","ping_status":"closed","template":"","meta":{"footnotes":""},"class_list":["post-456","page","type-page","status-publish","hentry"],"_links":{"self":[{"href":"https:\/\/parcdental.es\/index.php\/wp-json\/wp\/v2\/pages\/456","targetHints":{"allow":["GET"]}}],"collection":[{"href":"https:\/\/parcdental.es\/index.php\/wp-json\/wp\/v2\/pages"}],"about":[{"href":"https:\/\/parcdental.es\/index.php\/wp-json\/wp\/v2\/types\/page"}],"author":[{"embeddable":true,"href":"https:\/\/parcdental.es\/index.php\/wp-json\/wp\/v2\/users\/1"}],"replies":[{"embeddable":true,"href":"https:\/\/parcdental.es\/index.php\/wp-json\/wp\/v2\/comments?post=456"}],"version-history":[{"count":1,"href":"https:\/\/parcdental.es\/index.php\/wp-json\/wp\/v2\/pages\/456\/revisions"}],"predecessor-version":[{"id":457,"href":"https:\/\/parcdental.es\/index.php\/wp-json\/wp\/v2\/pages\/456\/revisions\/457"}],"up":[{"embeddable":true,"href":"https:\/\/parcdental.es\/index.php\/wp-json\/wp\/v2\/pages\/206"}],"wp:attachment":[{"href":"https:\/\/parcdental.es\/index.php\/wp-json\/wp\/v2\/media?parent=456"}],"curies":[{"name":"wp","href":"https:\/\/api.w.org\/{rel}","templated":true}]}}